{"id":101,"date":"2026-04-02T01:20:08","date_gmt":"2026-04-02T01:20:08","guid":{"rendered":"https:\/\/chicasblog.shop\/?page_id=101"},"modified":"2026-04-02T12:57:29","modified_gmt":"2026-04-02T12:57:29","slug":"elementor-pagina-101","status":"publish","type":"page","link":"https:\/\/chicasblog.shop\/?page_id=101","title":{"rendered":"Elementor#101"},"content":{"rendered":"\t\t<div data-elementor-type=\"wp-page\" data-elementor-id=\"101\" class=\"elementor elementor-101\">\n\t\t\t\t<div class=\"elementor-element elementor-element-5109ab4 e-flex e-con-boxed e-con e-parent\" data-id=\"5109ab4\" data-element_type=\"container\" data-e-type=\"container\" id=\"Post-cinema\" data-settings=\"{&quot;background_background&quot;:&quot;classic&quot;}\">\n\t\t\t\t\t<div class=\"e-con-inner\">\n\t\t\t\t<div class=\"elementor-element elementor-element-e1792ce elementor-absolute elementor-widget elementor-widget-text-editor\" data-id=\"e1792ce\" data-element_type=\"widget\" data-e-type=\"widget\" data-settings=\"{&quot;_position&quot;:&quot;absolute&quot;}\" data-widget_type=\"text-editor.default\">\n\t\t\t\t\t\t\t\t\t<p>O cinema \u00e9 a arte de enfileirar quadros para dar a sensa\u00e7\u00e3o de moviemento. Tradicionalmente s\u00e3o 24 quadros por segundo!<\/p><p>Atualmente, a s\u00e9tima arte se ramificou e possui diversos formatos: Longa-metragem, curta-metragem, s\u00e9rie, document\u00e1rio, reality show, novela, etc<\/p>\t\t\t\t\t\t\t\t<\/div>\n\t\t\t\t\t<\/div>\n\t\t\t\t<\/div>\n\t\t<div class=\"elementor-element elementor-element-74aa621 e-flex e-con-boxed e-con e-parent\" data-id=\"74aa621\" data-element_type=\"container\" data-e-type=\"container\" data-settings=\"{&quot;background_background&quot;:&quot;classic&quot;}\">\n\t\t\t\t\t<div class=\"e-con-inner\">\n\t\t\t\t<div class=\"elementor-element elementor-element-f9c2b04 e-n-tabs-mobile elementor-widget elementor-widget-n-tabs\" data-id=\"f9c2b04\" data-element_type=\"widget\" data-e-type=\"widget\" data-settings=\"{&quot;tabs_justify_horizontal&quot;:&quot;stretch&quot;,&quot;horizontal_scroll&quot;:&quot;disable&quot;}\" data-widget_type=\"nested-tabs.default\">\n\t\t\t\t\t\t\t<div class=\"e-n-tabs\" data-widget-number=\"261892868\" aria-label=\"Abas. Abra itens com &quot;Enter&quot; ou &quot;Espa\u00e7o&quot;, feche com &quot;Escape&quot; e navegue usando as teclas de &quot;Seta&quot;.\">\n\t\t\t<div class=\"e-n-tabs-heading\" role=\"tablist\">\n\t\t\t\t\t<button id=\"e-n-tab-title-2618928681\" data-tab-title-id=\"e-n-tab-title-2618928681\" class=\"e-n-tab-title\" aria-selected=\"true\" data-tab-index=\"1\" role=\"tab\" tabindex=\"0\" aria-controls=\"e-n-tab-content-2618928681\" style=\"--n-tabs-title-order: 1;\">\n\t\t\t\t\t\t<span class=\"e-n-tab-title-text\">\n\t\t\t\tFilmes\t\t\t<\/span>\n\t\t<\/button>\n\t\t\t\t<button id=\"e-n-tab-title-2618928682\" data-tab-title-id=\"e-n-tab-title-2618928682\" class=\"e-n-tab-title\" aria-selected=\"false\" data-tab-index=\"2\" role=\"tab\" tabindex=\"-1\" aria-controls=\"e-n-tab-content-2618928682\" style=\"--n-tabs-title-order: 2;\">\n\t\t\t\t\t\t<span class=\"e-n-tab-title-text\">\n\t\t\t\tS\u00e9ries\t\t\t<\/span>\n\t\t<\/button>\n\t\t\t\t<button id=\"e-n-tab-title-2618928683\" data-tab-title-id=\"e-n-tab-title-2618928683\" class=\"e-n-tab-title\" aria-selected=\"false\" data-tab-index=\"3\" role=\"tab\" tabindex=\"-1\" aria-controls=\"e-n-tab-content-2618928683\" style=\"--n-tabs-title-order: 3;\">\n\t\t\t\t\t\t<span class=\"e-n-tab-title-text\">\n\t\t\t\tPremia\u00e7\u00f5es\t\t\t<\/span>\n\t\t<\/button>\n\t\t\t\t\t<\/div>\n\t\t\t<div class=\"e-n-tabs-content\">\n\t\t\t\t<div id=\"e-n-tab-content-2618928681\" role=\"tabpanel\" aria-labelledby=\"e-n-tab-title-2618928681\" data-tab-index=\"1\" style=\"--n-tabs-title-order: 1;\" class=\"e-active elementor-element elementor-element-77011eb e-con-full e-flex e-con e-child\" data-id=\"77011eb\" data-element_type=\"container\" data-e-type=\"container\">\n\t\t\t\t<div class=\"elementor-element elementor-element-b7b9771 elementor-widget elementor-widget-image\" data-id=\"b7b9771\" data-element_type=\"widget\" data-e-type=\"widget\" data-widget_type=\"image.default\">\n\t\t\t\t\t\t\t\t\t\t\t\t\t\t\t<img fetchpriority=\"high\" decoding=\"async\" width=\"736\" height=\"920\" src=\"https:\/\/chicasblog.shop\/wp-content\/uploads\/2026\/04\/e6bde33ab7f5397f49db9dcc4934da9f.jpg\" class=\"attachment-large size-large wp-image-138\" alt=\"\" srcset=\"https:\/\/chicasblog.shop\/wp-content\/uploads\/2026\/04\/e6bde33ab7f5397f49db9dcc4934da9f.jpg 736w, https:\/\/chicasblog.shop\/wp-content\/uploads\/2026\/04\/e6bde33ab7f5397f49db9dcc4934da9f-240x300.jpg 240w\" sizes=\"(max-width: 736px) 100vw, 736px\" \/>\t\t\t\t\t\t\t\t\t\t\t\t\t\t\t<\/div>\n\t\t\t\t<\/div>\n\t\t<div id=\"e-n-tab-content-2618928682\" role=\"tabpanel\" aria-labelledby=\"e-n-tab-title-2618928682\" data-tab-index=\"2\" style=\"--n-tabs-title-order: 2;\" class=\" elementor-element elementor-element-0d1e06e e-con-full e-flex e-con e-child\" data-id=\"0d1e06e\" data-element_type=\"container\" data-e-type=\"container\">\n\t\t\t\t<div class=\"elementor-element elementor-element-4cda504 elementor-widget elementor-widget-image\" data-id=\"4cda504\" data-element_type=\"widget\" data-e-type=\"widget\" data-widget_type=\"image.default\">\n\t\t\t\t\t\t\t\t\t\t\t\t\t\t\t<img decoding=\"async\" width=\"683\" height=\"1024\" src=\"https:\/\/chicasblog.shop\/wp-content\/uploads\/2026\/04\/37627587496965efcc0ae42ac9dff525-683x1024.jpg\" class=\"attachment-large size-large wp-image-139\" alt=\"\" srcset=\"https:\/\/chicasblog.shop\/wp-content\/uploads\/2026\/04\/37627587496965efcc0ae42ac9dff525-683x1024.jpg 683w, https:\/\/chicasblog.shop\/wp-content\/uploads\/2026\/04\/37627587496965efcc0ae42ac9dff525-200x300.jpg 200w, https:\/\/chicasblog.shop\/wp-content\/uploads\/2026\/04\/37627587496965efcc0ae42ac9dff525.jpg 736w\" sizes=\"(max-width: 683px) 100vw, 683px\" \/>\t\t\t\t\t\t\t\t\t\t\t\t\t\t\t<\/div>\n\t\t\t\t<\/div>\n\t\t<div id=\"e-n-tab-content-2618928683\" role=\"tabpanel\" aria-labelledby=\"e-n-tab-title-2618928683\" data-tab-index=\"3\" style=\"--n-tabs-title-order: 3;\" class=\" elementor-element elementor-element-befac24 e-con-full e-flex e-con e-child\" data-id=\"befac24\" data-element_type=\"container\" data-e-type=\"container\">\n\t\t\t\t<div class=\"elementor-element elementor-element-28f2cd9 elementor-widget elementor-widget-image\" data-id=\"28f2cd9\" data-element_type=\"widget\" data-e-type=\"widget\" data-widget_type=\"image.default\">\n\t\t\t\t\t\t\t\t\t\t\t\t\t\t\t<img decoding=\"async\" width=\"688\" height=\"1024\" src=\"https:\/\/chicasblog.shop\/wp-content\/uploads\/2026\/04\/98ebce2b3db6980c87d60ebe0e6f6ef9-688x1024.jpg\" class=\"attachment-large size-large wp-image-141\" alt=\"\" srcset=\"https:\/\/chicasblog.shop\/wp-content\/uploads\/2026\/04\/98ebce2b3db6980c87d60ebe0e6f6ef9-688x1024.jpg 688w, https:\/\/chicasblog.shop\/wp-content\/uploads\/2026\/04\/98ebce2b3db6980c87d60ebe0e6f6ef9-202x300.jpg 202w, https:\/\/chicasblog.shop\/wp-content\/uploads\/2026\/04\/98ebce2b3db6980c87d60ebe0e6f6ef9.jpg 736w\" sizes=\"(max-width: 688px) 100vw, 688px\" \/>\t\t\t\t\t\t\t\t\t\t\t\t\t\t\t<\/div>\n\t\t\t\t<\/div>\n\t\t\t\t\t<\/div>\n\t\t<\/div>\n\t\t\t\t\t\t<\/div>\n\t\t\t\t\t<\/div>\n\t\t\t\t<\/div>\n\t\t<div class=\"elementor-element elementor-element-b55ce99 e-flex e-con-boxed e-con e-parent\" data-id=\"b55ce99\" data-element_type=\"container\" data-e-type=\"container\" data-settings=\"{&quot;background_background&quot;:&quot;classic&quot;}\">\n\t\t\t\t\t<div class=\"e-con-inner\">\n\t\t\t\t\t<\/div>\n\t\t\t\t<\/div>\n\t\t\t\t<\/div>\n\t\t","protected":false},"excerpt":{"rendered":"<p>O cinema \u00e9 a arte de enfileirar quadros para dar a sensa\u00e7\u00e3o de moviemento. Tradicionalmente s\u00e3o 24 quadros por segundo! Atualmente, a s\u00e9tima arte se ramificou e possui diversos formatos: Longa-metragem, curta-metragem, s\u00e9rie, document\u00e1rio, reality show, novela, etc Filmes S\u00e9ries Premia\u00e7\u00f5es<\/p>\n","protected":false},"author":2,"featured_media":0,"parent":0,"menu_order":0,"comment_status":"closed","ping_status":"closed","template":"","meta":{"footnotes":""},"class_list":["post-101","page","type-page","status-publish","hentry"],"_hostinger_reach_plugin_has_subscription_block":false,"_hostinger_reach_plugin_is_elementor":false,"_links":{"self":[{"href":"https:\/\/chicasblog.shop\/index.php?rest_route=\/wp\/v2\/pages\/101","targetHints":{"allow":["GET"]}}],"collection":[{"href":"https:\/\/chicasblog.shop\/index.php?rest_route=\/wp\/v2\/pages"}],"about":[{"href":"https:\/\/chicasblog.shop\/index.php?rest_route=\/wp\/v2\/types\/page"}],"author":[{"embeddable":true,"href":"https:\/\/chicasblog.shop\/index.php?rest_route=\/wp\/v2\/users\/2"}],"replies":[{"embeddable":true,"href":"https:\/\/chicasblog.shop\/index.php?rest_route=%2Fwp%2Fv2%2Fcomments&post=101"}],"version-history":[{"count":46,"href":"https:\/\/chicasblog.shop\/index.php?rest_route=\/wp\/v2\/pages\/101\/revisions"}],"predecessor-version":[{"id":335,"href":"https:\/\/chicasblog.shop\/index.php?rest_route=\/wp\/v2\/pages\/101\/revisions\/335"}],"wp:attachment":[{"href":"https:\/\/chicasblog.shop\/index.php?rest_route=%2Fwp%2Fv2%2Fmedia&parent=101"}],"curies":[{"name":"wp","href":"https:\/\/api.w.org\/{rel}","templated":true}]}}